{"id":442,"date":"2022-02-14T10:27:15","date_gmt":"2022-02-14T10:27:15","guid":{"rendered":"https:\/\/rumaenienhilfe.awo-rle.de\/wordpress\/?page_id=442"},"modified":"2022-02-15T11:55:37","modified_gmt":"2022-02-15T11:55:37","slug":"links","status":"publish","type":"page","link":"https:\/\/humanitaerehilfe.awo-rle.de\/wordpress\/index.php\/links\/","title":{"rendered":"Links"},"content":{"rendered":"\t\t<div data-elementor-type=\"wp-page\" data-elementor-id=\"442\" class=\"elementor elementor-442\">\n\t\t\t\t\t\t<section class=\"elementor-section elementor-top-section elementor-element elementor-element-3de0ac5 elementor-section-boxed elementor-section-height-default elementor-section-height-default\" data-id=\"3de0ac5\" data-element_type=\"section\" data-e-type=\"section\">\n\t\t\t\t\t\t<div class=\"elementor-container elementor-column-gap-default\">\n\t\t\t\t\t<div class=\"elementor-column elementor-col-100 elementor-top-column elementor-element elementor-element-411f7c0\" data-id=\"411f7c0\" data-element_type=\"column\" data-e-type=\"column\">\n\t\t\t<div class=\"elementor-widget-wrap elementor-element-populated\">\n\t\t\t\t\t\t<div class=\"elementor-element elementor-element-5987cbb elementor-widget elementor-widget-heading\" data-id=\"5987cbb\" data-element_type=\"widget\" data-e-type=\"widget\" data-widget_type=\"heading.default\">\n\t\t\t\t<div class=\"elementor-widget-container\">\n\t\t\t\t\t<h2 class=\"elementor-heading-title elementor-size-default\">Links<\/h2>\t\t\t\t<\/div>\n\t\t\t\t<\/div>\n\t\t\t\t\t<\/div>\n\t\t<\/div>\n\t\t\t\t\t<\/div>\n\t\t<\/section>\n\t\t\t\t<section class=\"elementor-section elementor-top-section elementor-element elementor-element-1a4b1c1 elementor-section-boxed elementor-section-height-default elementor-section-height-default\" data-id=\"1a4b1c1\" data-element_type=\"section\" data-e-type=\"section\">\n\t\t\t\t\t\t<div class=\"elementor-container elementor-column-gap-default\">\n\t\t\t\t\t<div class=\"elementor-column elementor-col-100 elementor-top-column elementor-element elementor-element-453c3d0\" data-id=\"453c3d0\" data-element_type=\"column\" data-e-type=\"column\">\n\t\t\t<div class=\"elementor-widget-wrap elementor-element-populated\">\n\t\t\t\t\t\t<div class=\"elementor-element elementor-element-7972429 elementor-widget elementor-widget-text-editor\" data-id=\"7972429\" data-element_type=\"widget\" data-e-type=\"widget\" data-widget_type=\"text-editor.default\">\n\t\t\t\t<div class=\"elementor-widget-container\">\n\t\t\t\t\t\t\t\t\t<p><span style=\"font-size: 140%;\"><a href=\"https:\/\/awo-rle.de\/ambulante-pflege\" target=\"_blank\">AWO Pflegedienst<\/a><\/span><br><span style=\"font-size: 140%;\"><a href=\"https:\/\/awo-rle.de\/kinder-jugend-familie\/kitas-familienzentren\" target=\"_blank\">AWO Kindertageseinrichtungen und Familienzentren<\/a>&nbsp;<\/span> <br><span style=\"font-size: 140%;\"><a href=\"https:\/\/awo-rle.de\/beratungsstellen\" target=\"_blank\">AWO Beratungsstellen<\/a><\/span><span style=\"font-size: 140%;\"><\/span><\/p>\n\n\n<p><span style=\"font-size: 140%;\"><a href=\"http:\/\/www.dasdies.de\/radstationen\/\" target=\"_blank\">Radstationen und Radhotels im Kreis Unna<\/a><a href=\"https:\/\/www.awo-un.de\/stadtverbaende-und-ortsvereine\" target=\"_blank\"><br>AWO Ortsvereine Ruhr-Lippe-Ems<\/a><\/span><br><span style=\"font-size: 140%;\"><a href=\"http:\/\/www.awo-kur.de\" target=\"_blank\">AWO Kurh\u00e4user<\/a><\/span><\/p>\n\n\n<p><span style=\"font-size: 140%;\"><a href=\"http:\/\/www.awo-ww.de\" target=\"_blank\">AWO Bezirk Westliches Westfalen e. V.<\/a><a href=\"https:\/\/www.awo-rle.de\" target=\"_blank\"><br>AWO Unterbezirk Ruhr-Lippe-Ems<\/a><\/span><br><span style=\"font-size: 140%;\"><a href=\"http:\/\/www.bildungundlernen.de\/\" target=\"_blank\">BILDUNG + LERNEN gGmbH<\/a><\/span><br><span style=\"font-size: 140%;\"><a href=\"http:\/\/www.dasdies.de\/\" target=\"_blank\">DasDies Service GmbH<\/a><\/span><\/p>\n<p><a href=\"https:\/\/suedkamen.awo-rle.de\/\"><span style=\"font-size: 140%;\">AWO OV S\u00fcdkamen<\/span><\/a><\/p>\n<p><a href=\"https:\/\/www.glueckauf-suedkamen.de\/\"><span style=\"font-size: 140%;\">Knappenverein Gl\u00fcckauf S\u00fcdkamen<\/span><\/a><\/p>\n<p><span style=\"font-size: 140%;\"><a href=\"http:\/\/www.awo-unna-massen.de\/\">AWO OV Unna Massen<\/a><\/span><\/p>\t\t\t\t\t\t\t\t<\/div>\n\t\t\t\t<\/div>\n\t\t\t\t\t<\/div>\n\t\t<\/div>\n\t\t\t\t\t<\/div>\n\t\t<\/section>\n\t\t\t\t<\/div>\n\t\t","protected":false},"excerpt":{"rendered":"<p>Links AWO Pflegedienst AWO Kindertageseinrichtungen und Familienzentren&nbsp; AWO Beratungsstellen Radstationen und Radhotels im Kreis Unna AWO Ortsvereine Ruhr-Lippe-Ems AWO Kurh\u00e4user AWO Bezirk Westliches Westfalen e. V. AWO Unterbezirk Ruhr-Lippe-Ems BILDUNG + LERNEN gGmbH DasDies Service GmbH AWO OV S\u00fcdkamen Knappenverein Gl\u00fcckauf S\u00fcdkamen AWO OV Unna Massen<\/p>\n","protected":false},"author":2,"featured_media":0,"parent":0,"menu_order":0,"comment_status":"closed","ping_status":"closed","template":"","meta":{"ocean_post_layout":"full-screen","ocean_both_sidebars_style":"","ocean_both_sidebars_content_width":0,"ocean_both_sidebars_sidebars_width":0,"ocean_sidebar":"0","ocean_second_sidebar":"0","ocean_disable_margins":"enable","ocean_add_body_class":"","ocean_shortcode_before_top_bar":"","ocean_shortcode_after_top_bar":"","ocean_shortcode_before_header":"","ocean_shortcode_after_header":"","ocean_has_shortcode":"","ocean_shortcode_after_title":"","ocean_shortcode_before_footer_widgets":"","ocean_shortcode_after_footer_widgets":"","ocean_shortcode_before_footer_bottom":"","ocean_shortcode_after_footer_bottom":"","ocean_display_top_bar":"off","ocean_display_header":"default","ocean_header_style":"","ocean_center_header_left_menu":"0","ocean_custom_header_template":"0","ocean_custom_logo":0,"ocean_custom_retina_logo":0,"ocean_custom_logo_max_width":0,"ocean_custom_logo_tablet_max_width":0,"ocean_custom_logo_mobile_max_width":0,"ocean_custom_logo_max_height":0,"ocean_custom_logo_tablet_max_height":0,"ocean_custom_logo_mobile_max_height":0,"ocean_header_custom_menu":"0","ocean_menu_typo_font_family":"0","ocean_menu_typo_font_subset":"","ocean_menu_typo_font_size":0,"ocean_menu_typo_font_size_tablet":0,"ocean_menu_typo_font_size_mobile":0,"ocean_menu_typo_font_size_unit":"px","ocean_menu_typo_font_weight":"","ocean_menu_typo_font_weight_tablet":"","ocean_menu_typo_font_weight_mobile":"","ocean_menu_typo_transform":"","ocean_menu_typo_transform_tablet":"","ocean_menu_typo_transform_mobile":"","ocean_menu_typo_line_height":0,"ocean_menu_typo_line_height_tablet":0,"ocean_menu_typo_line_height_mobile":0,"ocean_menu_typo_line_height_unit":"","ocean_menu_typo_spacing":0,"ocean_menu_typo_spacing_tablet":0,"ocean_menu_typo_spacing_mobile":0,"ocean_menu_typo_spacing_unit":"","ocean_menu_link_color":"","ocean_menu_link_color_hover":"","ocean_menu_link_color_active":"","ocean_menu_link_background":"","ocean_menu_link_hover_background":"","ocean_menu_link_active_background":"","ocean_menu_social_links_bg":"","ocean_menu_social_hover_links_bg":"","ocean_menu_social_links_color":"","ocean_menu_social_hover_links_color":"","ocean_disable_title":"on","ocean_disable_heading":"default","ocean_post_title":"","ocean_post_subheading":"","ocean_post_title_style":"","ocean_post_title_background_color":"","ocean_post_title_background":0,"ocean_post_title_bg_image_position":"","ocean_post_title_bg_image_attachment":"","ocean_post_title_bg_image_repeat":"","ocean_post_title_bg_image_size":"","ocean_post_title_height":0,"ocean_post_title_bg_overlay":0.5,"ocean_post_title_bg_overlay_color":"","ocean_disable_breadcrumbs":"default","ocean_breadcrumbs_color":"","ocean_breadcrumbs_separator_color":"","ocean_breadcrumbs_links_color":"","ocean_breadcrumbs_links_hover_color":"","ocean_display_footer_widgets":"off","ocean_display_footer_bottom":"default","ocean_custom_footer_template":"0","footnotes":""},"class_list":["post-442","page","type-page","status-publish","hentry","entry"],"_links":{"self":[{"href":"https:\/\/humanitaerehilfe.awo-rle.de\/wordpress\/index.php\/wp-json\/wp\/v2\/pages\/442","targetHints":{"allow":["GET"]}}],"collection":[{"href":"https:\/\/humanitaerehilfe.awo-rle.de\/wordpress\/index.php\/wp-json\/wp\/v2\/pages"}],"about":[{"href":"https:\/\/humanitaerehilfe.awo-rle.de\/wordpress\/index.php\/wp-json\/wp\/v2\/types\/page"}],"author":[{"embeddable":true,"href":"https:\/\/humanitaerehilfe.awo-rle.de\/wordpress\/index.php\/wp-json\/wp\/v2\/users\/2"}],"replies":[{"embeddable":true,"href":"https:\/\/humanitaerehilfe.awo-rle.de\/wordpress\/index.php\/wp-json\/wp\/v2\/comments?post=442"}],"version-history":[{"count":18,"href":"https:\/\/humanitaerehilfe.awo-rle.de\/wordpress\/index.php\/wp-json\/wp\/v2\/pages\/442\/revisions"}],"predecessor-version":[{"id":729,"href":"https:\/\/humanitaerehilfe.awo-rle.de\/wordpress\/index.php\/wp-json\/wp\/v2\/pages\/442\/revisions\/729"}],"wp:attachment":[{"href":"https:\/\/humanitaerehilfe.awo-rle.de\/wordpress\/index.php\/wp-json\/wp\/v2\/media?parent=442"}],"curies":[{"name":"wp","href":"https:\/\/api.w.org\/{rel}","templated":true}]}}

<div data-elementor-type="wp-page" data-elementor-id="442" class="elementor elementor-442">
						<section class="elementor-section elementor-top-section elementor-element elementor-element-3de0ac5 elementor-section-boxed elementor-section-height-default elementor-section-height-default" data-id="3de0ac5" data-element_type="section" data-e-type="section">
						<div class="elementor-container elementor-column-gap-default">
					<div class="elementor-column elementor-col-100 elementor-top-column elementor-element elementor-element-411f7c0" data-id="411f7c0" data-element_type="column" data-e-type="column">
			<div class="elementor-widget-wrap elementor-element-populated">
						<div class="elementor-element elementor-element-5987cbb elementor-widget elementor-widget-heading" data-id="5987cbb" data-element_type="widget" data-e-type="widget" data-widget_type="heading.default">
				<div class="elementor-widget-container">
					<h2 class="elementor-heading-title elementor-size-default">Links</h2>				</div>
				</div>
					</div>
		</div>
					</div>
		</section>
				<section class="elementor-section elementor-top-section elementor-element elementor-element-1a4b1c1 elementor-section-boxed elementor-section-height-default elementor-section-height-default" data-id="1a4b1c1" data-element_type="section" data-e-type="section">
						<div class="elementor-container elementor-column-gap-default">
					<div class="elementor-column elementor-col-100 elementor-top-column elementor-element elementor-element-453c3d0" data-id="453c3d0" data-element_type="column" data-e-type="column">
			<div class="elementor-widget-wrap elementor-element-populated">
						<div class="elementor-element elementor-element-7972429 elementor-widget elementor-widget-text-editor" data-id="7972429" data-element_type="widget" data-e-type="widget" data-widget_type="text-editor.default">
				<div class="elementor-widget-container">
									<p><span style="font-size: 140%;"><a href="https://awo-rle.de/ambulante-pflege" target="_blank">AWO Pflegedienst</a></span><br><span style="font-size: 140%;"><a href="https://awo-rle.de/kinder-jugend-familie/kitas-familienzentren" target="_blank">AWO Kindertageseinrichtungen und Familienzentren</a>&nbsp;</span> <br><span style="font-size: 140%;"><a href="https://awo-rle.de/beratungsstellen" target="_blank">AWO Beratungsstellen</a></span><span style="font-size: 140%;"></span></p>


<p><span style="font-size: 140%;"><a href="http://www.dasdies.de/radstationen/" target="_blank">Radstationen und Radhotels im Kreis Unna</a><a href="https://www.awo-un.de/stadtverbaende-und-ortsvereine" target="_blank"><br>AWO Ortsvereine Ruhr-Lippe-Ems</a></span><br><span style="font-size: 140%;"><a href="http://www.awo-kur.de" target="_blank">AWO Kurhäuser</a></span></p>


<p><span style="font-size: 140%;"><a href="http://www.awo-ww.de" target="_blank">AWO Bezirk Westliches Westfalen e. V.</a><a href="https://www.awo-rle.de" target="_blank"><br>AWO Unterbezirk Ruhr-Lippe-Ems</a></span><br><span style="font-size: 140%;"><a href="http://www.bildungundlernen.de/" target="_blank">BILDUNG + LERNEN gGmbH</a></span><br><span style="font-size: 140%;"><a href="http://www.dasdies.de/" target="_blank">DasDies Service GmbH</a></span></p>
<p><a href="https://suedkamen.awo-rle.de/"><span style="font-size: 140%;">AWO OV Südkamen</span></a></p>
<p><a href="https://www.glueckauf-suedkamen.de/"><span style="font-size: 140%;">Knappenverein Glückauf Südkamen</span></a></p>
<p><span style="font-size: 140%;"><a href="http://www.awo-unna-massen.de/">AWO OV Unna Massen</a></span></p>								</div>
				</div>
					</div>
		</div>
					</div>
		</section>
				</div>

<p>Links AWO Pflegedienst AWO Kindertageseinrichtungen und Familienzentren&nbsp; AWO Beratungsstellen Radstationen und Radhotels im Kreis Unna AWO Ortsvereine Ruhr-Lippe-Ems AWO Kurhäuser AWO Bezirk Westliches Westfalen e. V. AWO Unterbezirk Ruhr-Lippe-Ems BILDUNG + LERNEN gGmbH DasDies Service GmbH AWO OV Südkamen Knappenverein Glückauf Südkamen AWO OV Unna Massen</p>
